o) = 2*o + o**2 + 0*o**2 - 27 + 62 - 2*o**2. What are the prime factors of q(0)?
5, 7
Let z(b) = -b + 6. Let i be z(3). Suppose 4*u + 31 = 3*k, 0*k = -i*k - 3*u + 24. What are the prime factors of k?
3
Let f be -199 + -2 + (-5)/(-5). Suppose 4*s - 4*z - 68 = 0, -4*s + 2*z + 84 = 18. What are the prime factors of s/(-56) - f/14?
2, 7
Let h(v) be the second derivative of v**4/12 - 7*v**3/6 + 5*v**2 - 3*v. What are the prime factors of h(7)?
2, 5
Let r(o) = -o**3 + 14*o**2 + 17*o + 5. List the prime factors of r(15).
5, 7
Let k(j) = 48*j**2 + 3*j + 2. List the prime factors of k(-1).
47
Let c(x) = -8*x**3 + x**2 + x + 1. Let z be c(-1). Suppose l + 1 = z. Suppose 4*h - l = 2*h. List the prime factors of h.
2
Let d = 63 + 57. What are the prime factors of d?
2, 3, 5
Let v(p) = -p**3 + 6*p**2 + 5*p + 3. Let m be v(6). Let l = -19 + m. Let h = 21 - l. List the prime factors of h.
7
Let h(a) = -a - 6. Let d(u) = -u - 11. Let l(r) = 3*d(r) - 5*h(r). List the prime factors of l(3).
3
Let m = -11 + 9. Let q(w) = -23*w + 4. List the prime factors of q(m).
2, 5
Suppose w + 0*k - 57 = 5*k, 3*w - 147 = 3*k. What are the prime factors of w?
47
Suppose -2*c = -7*c + 30. Let k be ((-12)/(-8))/(c/40). What are the prime factors of (35/k)/(2/4)?
7
List the prime factors of (-1)/((-2)/744) + 24/12.
2, 11, 17
Suppose -5*w + 17 = -i, 5*i + 5*w - w = 31. Let z be 1*i - (-2 + 1). Suppose 0 = 5*c + u - 39, -z*u + 16 = -0*u. What are the prime factors of c?
7
Suppose 3*g - 15 = -3*d, 5*d + 5*g = 3*d + 7. What are the prime factors of (d/4)/((-6)/(-220))?
5, 11
Suppose 2*p + 3*n = 12, 0 = -2*p - 3*n - n + 14. What are the prime factors of p?
3
Suppose -6*f - 461 = -1631. What are the prime factors of f?
3, 5, 13
Suppose -87 - 4 = -7*z. List the prime factors of z.
13
List the prime factors of 175 - 3/((-15)/(-20)).
3, 19
Let t = -15 + 6. Let m = t + 19. What are the prime factors of m?
2, 5
Let b = 6 + -4. Suppose 0 = p + t, p - 3*t = -6*t - b. Let c = 2 + p. List the prime factors of c.
3
Suppose -25 = 6*t - 199. Suppose 0 = -f - 10 + t. List the prime factors of f.
19
Let m be -1 - -3 - -16*1. List the prime factors of (-5)/5 + m + -1.
2
Suppose 0 = 2*h, 7*h - 3*h = w - 39. What are the prime factors of w?
3, 13
Let o be (-23)/5 + 6/(-15). Let n(m) = -m**3 - 5*m**2 + m + 3. Let u be n(o). Let a(c) = -6*c. What are the prime factors of a(u)?
2, 3
Let y = -52 + 104. List the prime factors of y.
2, 13
Let d(t) = t + 6. Let u be d(-6). Let m(a) = -a - 8*a + 10 + 8*a. What are the prime factors of m(u)?
2, 5
Let p(b) = -b**3 - b**2 + 3*b + 2. Let c be -1 - (-2 - (-4 + 0)). Let x be p(c). Let a = 16 - x. List the prime factors of a.
5
Let g(v) = 4*v - 6. Let f = -4 + 8. Suppose -f*z + 3*z = -6. List the prime factors of g(z).
2, 3
Let b(c) = 15*c**2. Let t(r) = -2*r**2 - r + 1. Let h be t(1). Let u be h/9 + 55/45. What are the prime factors of b(u)?
3, 5
Suppose 3*j = -0*j + 33. Suppose 2*r = j + 39. Suppose 5*v = -5 + r. List the prime factors of v.
2
Suppose 4*k - 755 = 4*z - 3*z, 751 = 4*k - 5*z. List the prime factors of k.
3, 7
Let b(h) be the first derivative of -h**4/4 + 2*h**3 - 5*h**2/2 + 7*h - 2. Let r be b(5). Suppose -r = -4*w + 37. What are the prime factors of w?
11
Suppose -2*d + 0 = 2*t - 12, t + 5*d - 2 = 0. Let k be -2 + t + -1 + -2. Suppose 13 = n - 2*b - k, 0 = -4*n - 2*b + 100. List the prime factors of n.
23
Suppose -16*n + 4*n + 444 = 0. List the prime factors of n.
37
Let m(g) = 26*g + 2. List the prime factors of m(1).
2, 7
Let w(b) = -b - 3. Let r be w(-7). Let m = r + -2. Suppose -2*v - 3*c = c + 10, 0 = m*v - 3*c - 25. List the prime factors of v.
5
Let q(h) = 2*h - 6. Let g = 22 + -7. Let z = -8 + g. What are the prime factors of q(z)?
2
What are the prime factors of 9 + (0 - (-3)/(-1)) + 1?
7
Let f be ((-1)/(-3))/(2/30). Suppose f*b - 16 = -2*k + 3*b, 5*b + 20 = k. List the prime factors of k.
2, 5
What are the prime factors of 54*2*(-1)/(-3)?
2, 3
Suppose 3*b = 5*g - g - 82, 5*g - 5*b - 105 = 0. What are the prime factors of g?
19
Suppose -2*v + 3*j = -v - 27, 0 = 2*v - 3*j - 60. List the prime factors of v.
3, 11
Let s be 3/(-12) + 19/(-4). Suppose w - 4*y + 11 = -2*y, -4*w = y + 35. Let z = s - w. What are the prime factors of z?
2
Let i(w) = w**3 - 2*w**2 + 1. Let l be i(3). Suppose 0*s = 5*s - l. Suppose 0 = -s*b - 10, 0*b + 10 = n - b. List the prime factors of n.
5
Suppose -5*m + 5*l + 10 = 0, m = -3*l - l + 27. Suppose 4*i - m = 21. What are the prime factors of i?
7
Suppose 0 = 5*d + 2*t - 18, 5*t - 1 = d - 10. What are the prime factors of d?
2
Let l = -19 + 11. Let o = -5 - l. What are the prime factors of o?
3
Let j(s) = -15*s**3 + s**2 + 3*s + 1. List the prime factors of j(-1).
2, 7
Let n = -11 + 3. List the prime factors of 1 - 4 - (n + -9).
2, 7
Let p(b) be the third derivative of b**5/10 + b**4/24 - b**3/2 + 3*b**2. Let f(i) be the first derivative of p(i). What are the prime factors of f(1)?
13
What are the prime factors of 12*4*(-65)/(-60)?
2, 13
Let b = 493 - 339. List the prime factors of b.
2, 7, 11
Let i be (-2)/3*(0 - 6). Suppose -2*j + 13 = z, -z + i*z = 4*j + 49. What are the prime factors of z?
3, 5
Let t = 6 - 4. Let g be (25 + -1 + t)*1. Let u = 36 - g. What are the prime factors of u?
2, 5
What are the prime factors of 3/(12/68) + -4?
13
Suppose 573 = -7*n + 1910. What are the prime factors of n?
191
Let y(r) = -r - 5. Let b be y(-6). List the prime factors of (-7)/b*(7 - 11).
2, 7
Suppose -5*v + 420 = -5*u, 3*v + 0*u - 5*u = 252. What are the prime factors of v?
2, 3, 7
Suppose n = -0*k + 4*k - 62, 0 = 4*n - 8. What are the prime factors of k?
2
Let s(o) be the second derivative of o**6/360 - o**5/60 - o**4/4 + 4*o. Let m(k) be the third derivative of s(k). What are the prime factors of m(4)?
2, 3
What are the prime factors of (3 - 7) + 178 + (3 - 2)?
5, 7
Let s(o) = -37*o - 13. What are the prime factors of s(-11)?
2, 197
Let k(t) = 51*t + 9. Let a(v) = -5*v - 1. Let c(f) = 42*a(f) + 4*k(f). List the prime factors of c(-5).
2, 3
Suppose -2*x = -3*a + 6, -a - a + 5*x = -4. Let p be a/(-4)*-2 - -6. What are the prime factors of (2 + -1)/(p/21)?
3
Suppose 0*f - 36 = -2*h + 4*f, 5*h + 2*f - 138 = 0. List the prime factors of h.
2, 13
What are the prime factors of (-106)/(-1 - (-4 + 4))?
2, 53
Suppose -3 + 21 = 3*n. Suppose -92 = -n*k + 166. What are the prime factors of k?
43
Suppose 6 = 3*c, 0*b = 3*b - c - 436. List the prime factors of b.
2, 73
Let j = 29 + -20. Let y = j - 5. Suppose 0*z + y*z = 36. List the prime factors of z.
3
Let m = 324 - 191. What are the prime factors of m?
7, 19
Let l(p) = 4*p. Let z = 1 + -3. Let g be l(z). Let j = g + 15. List the prime factors of j.
7
Suppose -3*b = -5*b + 4. What are the prime factors of b?
2
Let p = 31 - 31. Let k(u) = 2*u**2 - u**2 + 0*u**3 + 9 + u**3. List the prime factors of k(p).
3
Let s = 10 + 0. List the prime factors of s.
2, 5
Let y(t) = t**2 - 17*t - 32. What are the prime factors of y(19)?
2, 3
Let a(s) be the second derivative of s**5/20 + s**4/2 - 2*s**3/3 - 4*s**2 + 7*s. Let u = -4 - 2. What are the prime factors of a(u)?
2
Let i(c) = 2*c**2 + c - 6. List the prime factors of i(4).
2, 3, 5
Let g be (-42)/(-9) + (-2)/(-6). Suppose g*o = 3*x - 103, -2*x - 4*o = -5*x + 101. What are the prime factors of x?
31
Suppose 0 = -6*s + s - 5*r - 80, -5*s - 80 = 3*r. Let t be ((-1)/2)/(2/s). List the prime factors of (78/12)/(2/t).
13
Let q(f) = -3*f**3 - f - 2. Let k be q(-1). Let x be (-4)/(-3) - 4/(-6). Suppose 13 = u + x*p, 3 = 3*p - k*p. List the prime factors of u.
7
Let a = -5 - -188. What are the prime factors of a?
3, 61
Let v(s) = -3*s**3 - 3*s**2 + 3*s + 7. List the prime factors of v(-4).
139
Let b = -20 - -56. Let i = 51 - b. List the prime factors of i.
3, 5
Suppose 0 = -4*x + 386 + 18. Suppose 3*h - 5*p = x, -3*h - 5*p - 23 = -84. What are the prime factors of h?
3
Suppose -2*o - 140 = -3*k, 85 = 2*k + 5*o - 8*o. What are the prime factors of k?
2, 5
Let m(q) = -13*q**2 - 2*q - 1. Let u be m(-1). Let r = u - -23. Let x = -2 + r. What are the prime factors of x?
3
Suppose b + 0*t - 42 = -2*t, 12 = 4*t. What are the prime factors of b?
2, 3
Suppose -4*r - r - q = -37, -r = -2*q - 3. What are the prime factors of r?
7
Let o be 2*(-3)/6 - -6. Suppos